?
8
Suppose 5*q = 914 + 86. What is the hundreds digit of q?
2
Suppose 0*y - 3 = 3*y. Let r = -4 - y. Let f(a) = -a**3 - a**2 + 3*a - 2. What is the units digit of f(r)?
7
Let y be 3*(-3)/(-9)*1. Let s be ((-4)/(-6))/(y/3). What is the units digit of (16/10)/(s/10)?
8
Let r(i) = 1. Let a(t) = t**2 + 6*t + 7. Let h(u) = -a(u) + 6*r(u). What is the units digit of h(-5)?
4
Suppose -2*g = 2*g - 120. What is the tens digit of g?
3
Suppose 229 = 2*n + y, -4*n + 483 = -0*n - 3*y. What is the tens digit of n?
1
Let c(f) = 3*f. Let d be c(2). Let z be ((-4)/d)/(2/(-3)). What is the units digit of z*(2 + (-1 - -10))?
1
What is the units digit of 5/40 + 615/8?
7
Suppose 0 = 5*m + 4*u - 99, -2*m = -2*u - 2*u - 62. What is the tens digit of m?
2
Let r be 18/(-15)*(-127 - -2). Suppose r = -3*c + 8*c. What is the tens digit of c?
3
Let b be ((-9)/18)/((-2)/(-8)). What is the units digit of (-2)/((-6)/81) + b?
5
Suppose -f + 29 = a + f, -116 = -4*a - f. What is the tens digit of a?
2
Let m = -13 - -222. What is the units digit of m?
9
Let v(x) = -2*x**3 - 3*x**2 + 3*x - 2. Let k be v(-4). Suppose 3*u = u + k. What is the tens digit of u?
3
Let k(y) = -11*y + 11. What is the units digit of k(-6)?
7
Let u be -2*(0 - (-6)/(-4)). Suppose 2*q + 6*z + 30 = 2*z, -u*q - 9 = -3*z. Let i(r) = r**2 + 5*r - 4. What is the tens digit of i(q)?
1
Let l be (1*-1)/(2/(-34)). Suppose 36*j = 37*j - 24. Let k = j - l. What is the units digit of k?
7
Let m = -16 - -38. Let j = m - 15. What is the units digit of j?
7
Suppose -2*a - 19 = -7. Let c = a + 12. What is the tens digit of (102/9)/(c/9)?
1
Suppose 26 = 3*h - 4*n + 2*n, 4*n = 20. Suppose m - 5*p - h = -0*m, 2*m - 4*p - 12 = 0. What is the units digit of ((-3)/m + -1)*-2?
5
Suppose -b = -3*r + 2*r, 3*r + b = 8. Suppose q - 23 = 3*t, 3*q + t = -r*q + 35. What is the units digit of q?
8
Suppose 7*v - 15 = 2*v. Let y(j) = 2 - j - j**2 + 0*j**3 - 2*j + j**v. What is the units digit of y(3)?
1
Let f = -72 - -166. What is the units digit of f?
4
Let f(p) = 4*p**2 - 2*p + 1. What is the tens digit of f(-3)?
4
What is the units digit of 14/1*3/6?
7
Suppose 0*p + 3*p = -4*f + 203, 0 = 3*f - 5*p - 116. What is the units digit of f?
7
Suppose 368 + 10 = 2*u. What is the units digit of u?
9
Let u(n) = n**3 + 6*n**2 - 2*n + 3. What is the tens digit of u(-5)?
3
Let t be 35/10 + (-6)/(-4). Suppose 22 + 28 = -5*i - t*p, -p + 25 = -4*i. Let l = 8 + i. What is the units digit of l?
1
Let j(z) = -2*z + 2 + 4*z - 1. Let o be (1 - (-3 + 1)) + -2. What is the units digit of j(o)?
3
Suppose 3*q - 50 = 46. Suppose 4*x - 2*a - 32 = 0, 0 = -2*x - 5*a + 8 + q. What is the tens digit of x?
1
Suppose 30*m - 23*m - 196 = 0. What is the units digit of m?
8
Suppose 0 = 5*v - 732 - 243. What is the units digit of v?
5
Suppose -124 = -3*z - 4*r, 2*z + 10 = 3*r + 70. What is the tens digit of z?
3
Let m be 1*3 - (-3)/3. Let c be 1 - 0 - -1*m. What is the units digit of ((-4)/(-5))/(2/c)?
2
Let x(j) = 11*j - 2 - 2*j + 3. Let y be x(-2). Let l = y + 25. What is the units digit of l?
8
Let g(m) = -13*m**3 + 2*m**3 - 2*m**2 + 4*m**2 - 1 + 0. What is the tens digit of g(-1)?
1
Suppose 6*z - 5*z = 5*m + 96, 3*m = -z + 120. What is the units digit of z?
1
Suppose 0 = -2*u + 43 - 5. Let t = 39 - u. What is the tens digit of t?
2
Let a = 3 - 0. Suppose 3*d = a*h - h + 6, d = 5*h - 11. Let c = 5 - d. What is the units digit of c?
1
Suppose -4 - 6 = -4*o + 2*w, 3*w + 10 = o. Let y = o + 1. What is the units digit of 2 - 3*y/(-2)?
5
Let y(f) = -f**2 - 10*f - 1. Let j(d) = d**3 - 6*d**2 - 2*d + 3. Let n be j(6). What is the units digit of y(n)?
8
Suppose 2*d + 2*p - 10 = 4*p, 5*d + p - 1 = 0. Let r be d - (5*-1 - -2). Suppose r*l - 10 = 2*k, 0 = l - 4*l - 3*k + 21. What is the units digit of l?
4
Suppose 4*n + 0*n = -4*j - 336, n = -4*j - 327. What is the units digit of 2/(-9) + (-1314)/j?
6
What is the units digit of 1557/45 + (-2)/(-5)?
5
Suppose -5*y + 240 = -y. Let v be ((-10)/(-8))/(5/y). What is the units digit of (v/6)/5*12?
6
Suppose f = t + 1, 5*t + 6*f - f - 45 = 0. Let c be (-4)/3 - 4/6. What is the units digit of 10*((-6)/t - c)?
5
Let f = -1 - -4. Suppose u - 13 = -3*y - 3, 0 = -2*u - f*y + 17. What is the units digit of u?
7
Let a(y) = -y**3 + 9*y**2 - y + 12. Let g be a(9). Let m be 1/2 + g/2. What is the units digit of 1 + 0/(m - -1)?
1
Let m(h) = -h**2 - 7*h + 5. What is the units digit of m(-7)?
5
Suppose -6 = -3*z + 2*z. Let i = -4 - z. What is the units digit of i/(-45) - 158/(-18)?
9
Let u = -45 + 31. What is the units digit of 0 + 0 + -2 - u?
2
Suppose 0*m + 5*m = -4*t + 52, 3*m - 4 = t. Suppose -a = -3*a + t. What is the units digit of a?
4
Let l(d) = -d**3. Let m be l(-1). Suppose 0 - m = -k. What is the units digit of -4 - -5 - (1 - k)?
1
Let f = 10 - 6. Suppose -2*y - o = 4 - 44, -y - f*o = -20. What is the units digit of y?
0
Let x = -7 - -20. What is the units digit of x?
3
Suppose 13*r - 11*r - 580 = 0. What is the tens digit of r?
9
Suppose 2*l - 5 = u, 3*l - u = -0 + 10. Suppose l*t = -0 + 35. What is the units digit of t?
7
Suppose -3*z - z = -3*b - 19, -5*z - 5 = 2*b. What is the units digit of 3/b + (-240)/(-25)?
9
Let c(g) = g**2 + 4*g - 3. Suppose -3*l + 0*l + 15 = 0. Suppose -h = -2*o + 1 - 6, 0 = 4*h - 5*o - l. What is the units digit of c(h)?
2
Let y = -18 + 31. Suppose v + 0*v - 3*c + y = 0, -23 = -4*v - 3*c. What is the units digit of v?
2
Suppose 2*d = -71 + 215. Let f = -48 + d. What is the tens digit of f?
2
Suppose 5*b + 41 = -2*d + 12, -2*d + 3*b = -11. Let h = 13 + d. Let x = 23 - h. What is the units digit of x?
2
Let i(q) = -24*q - 28. What is the units digit of i(-12)?
0
Let u be 2/(-5)*-10*1. Let r = u - 3. What is the units digit of r?
1
Let i(z) = 3*z + 3. Let a be i(-2). What is the units digit of 0/((-9)/a) + 28?
8
Let n = 0 + 81. What is the units digit of n?
1
Suppose 3 = r - 1, 5*b = -2*r + 223. Suppose -3*m + w + 8 - 1 = 0, 11 = 3*m - 5*w. Suppose -5*y + m = -b. What is the units digit of y?
9
Let f(r) = -r**2 - 8*r - 6. Let b be f(-6). Let a(y) = -y**2 + 5*y + 5. Let m be a(b). Let l = 3 - m. What is the units digit of l?
4
Let j be 0 + -2 + (0 - -9). Let i be 6/(-6) + (-3 - 0). Let r = j + i. What is the units digit of r?
3
Suppose 2*l = 8*l - 12. What is the units digit of ((-8)/5)/(l/(-5))?
4
Suppose 218 + 142 = 3*q. What is the hundreds digit of q?
1
Let r(c) = 2*c**2 + 2*c - 1. Let k be r(1). Suppose -n - k = -5. Suppose n*q = -0*q + 28. What is the tens digit of q?
1
What is the units digit of 2/7 - (4715/(-35) - 2)?
7
Let w be 2/1 - (1 - 4). Suppose w*h - 65 = 15. What is the units digit of h?
6
Let a(o) = -o**3 + 14*o**2 + 7*o + 14. What is the units digit of a(14)?
2
Let j(i) = 84*i - 1. What is the tens digit of j(1)?
8
Let m = 6 - 4. Suppose 12 = -m*g - g. Let z = 10 - g. What is the units digit of z?
4
Let h(c) = -c**2 + 12*c - 13. What is the units digit of h(9)?
4
Suppose 3*d = 96 - 15. Suppose -2*t + 5*t + 2*u = 27, -u - d = -3*t. What is the units digit of t?
9
Suppose -2*h + 1086 = 4*h. What is the tens digit of h?
8
Suppose 4*d = -3*t - t + 56, 0 = 3*t + d - 32. Let o = t + -5. Suppose -o*b + 50 = b. What is the tens digit of b?
1
What is the tens digit of 1320/35 - 2/(-7)?
3
Suppose 2*j = 0, 4*n + 3*j - 80 = 328. What is the tens digit of n?
0
Let k(y) = 22*y - 1. Let b be k(-1). What is the tens digit of -1 + b/(-1) + 2?
2
Let f(g) = 4*g - 2*g + 0*g + 3 + 19*g**2 - 2. What is the units digit of f(-1)?
8
Let b(n) = 4*n + 11. Let f be b(10). Suppose -19 = -3*j + 4*j + 5*y, -5*j = 3*y + f. Let u = 0 - j. What is the units digit of u?
9
Let c(l) = -3*l**2 + l - 1. Let k be c(2). Let g = 20 + k. What is the units digit of g?
9
Suppose 3*g = 3*m - 237, -2*m + 21 = 3*g - 147. Suppose 5*l - m = 2*l. What is the units digit of l?
7
Let x(z) be the first derivative of z**4/4 + 13*z**3/3 + 5*z**2 + 4*z - 7. What is the tens digit of x(-12)?
2
Let m(q) = -q**3 - 2*q**3 + 5*q**3 + 1. Let a = -4 - -5. What is the units digit of m(a)?
3
Let n = -3 - -1. Let j(y) = y - 2. Let h be j(n). What is the units digit of (6/5)/(h/(-10))?
3
What is the tens digit of (144/24)/((-3)/(-44))?
8
What is the tens digit of 15*(6 + -12)*7/(-2)?
1
Let k(y) = y**2 + 5*y. Let v be k(-4). Let x be 6/15 + v/10. What is the 